{"id":8015,"date":"2021-05-03T15:44:00","date_gmt":"2021-05-03T13:44:00","guid":{"rendered":"http:\/\/www.bigday.fr\/?page_id=8015"},"modified":"2025-02-13T12:32:18","modified_gmt":"2025-02-13T11:32:18","slug":"join-the-team-floral-designers","status":"publish","type":"page","link":"https:\/\/www.bigday.fr\/index.php\/join-the-team-floral-designers\/","title":{"rendered":"Join the Team of Floral Designers"},"content":{"rendered":"<p>[et_pb_section fb_built=\u00a0\u00bb1&Prime; admin_label=\u00a0\u00bbsection\u00a0\u00bb _builder_version=\u00a0\u00bb4.23.3&Prime; background_image=\u00a0\u00bbhttp:\/\/www.bigday.fr\/wp-content\/uploads\/2024\/05\/bigdaydesign-floral-designer-provence-france-design-studio-mariages-wedding.jpg\u00a0\u00bb global_colors_info=\u00a0\u00bb{}\u00a0\u00bb][et_pb_row _builder_version=\u00a0\u00bb4.23.3&Prime; _module_preset=\u00a0\u00bbdefault\u00a0\u00bb global_colors_info=\u00a0\u00bb{}\u00a0\u00bb][et_pb_column type=\u00a0\u00bb4_4&Prime; _builder_version=\u00a0\u00bb4.23.3&Prime; _module_preset=\u00a0\u00bbdefault\u00a0\u00bb global_colors_info=\u00a0\u00bb{}\u00a0\u00bb][et_pb_text _builder_version=\u00a0\u00bb4.23.3&Prime; _module_preset=\u00a0\u00bbdefault\u00a0\u00bb text_font=\u00a0\u00bb||||||||\u00a0\u00bb text_text_color=\u00a0\u00bb#FFFFFF\u00a0\u00bb text_font_size=\u00a0\u00bb18px\u00a0\u00bb header_text_align=\u00a0\u00bbcenter\u00a0\u00bb header_text_color=\u00a0\u00bb#FFFFFF\u00a0\u00bb header_font_size=\u00a0\u00bb41px\u00a0\u00bb header_2_text_align=\u00a0\u00bbcenter\u00a0\u00bb header_2_font_size=\u00a0\u00bb70px\u00a0\u00bb header_3_text_align=\u00a0\u00bbcenter\u00a0\u00bb header_3_font_size=\u00a0\u00bb26px\u00a0\u00bb text_orientation=\u00a0\u00bbcenter\u00a0\u00bb header_font_size_tablet=\u00a0\u00bb40px\u00a0\u00bb header_font_size_phone=\u00a0\u00bb36px\u00a0\u00bb header_font_size_last_edited=\u00a0\u00bbon|phone\u00a0\u00bb global_colors_info=\u00a0\u00bb{}\u00a0\u00bb]<\/p>\n<h1>JOIN THE TEAM<\/h1>\n<p><em>in Provence, France<\/em><\/p>\n<p>[\/et_pb_text][\/et_pb_column][\/et_pb_row][\/et_pb_section][et_pb_section fb_built=\u00a0\u00bb1&Prime; _builder_version=\u00a0\u00bb4.16&Prime; global_colors_info=\u00a0\u00bb{}\u00a0\u00bb][et_pb_row column_structure=\u00a0\u00bb1_2,1_2&Prime; _builder_version=\u00a0\u00bb4.23.3&Prime; custom_margin=\u00a0\u00bb0px||||false|false\u00a0\u00bb hover_enabled=\u00a0\u00bb0&Prime; global_colors_info=\u00a0\u00bb{}\u00a0\u00bb sticky_enabled=\u00a0\u00bb0&Prime;][et_pb_column type=\u00a0\u00bb1_2&Prime; _builder_version=\u00a0\u00bb4.16&Prime; custom_padding=\u00a0\u00bb|||\u00a0\u00bb global_colors_info=\u00a0\u00bb{}\u00a0\u00bb custom_padding__hover=\u00a0\u00bb|||\u00a0\u00bb][et_pb_image src=\u00a0\u00bbhttp:\/\/www.bigday.fr\/wp-content\/uploads\/2025\/01\/bigdaydesign-studio-floral-wedding-event-designer-florist-provence-decorateur-floral-luxury-weddings-provence-chateau-estoublon11.mov\u00a0\u00bb title_text=\u00a0\u00bbbigdaydesign-studio-floral-wedding-event-designer-florist-provence-decorateur-floral-luxury-weddings-provence-chateau-estoublon11&Prime; align_tablet=\u00a0\u00bbcenter\u00a0\u00bb align_phone=\u00a0\u00bbcenter\u00a0\u00bb align_last_edited=\u00a0\u00bbon|desktop\u00a0\u00bb _builder_version=\u00a0\u00bb4.23.3&Prime; max_width=\u00a0\u00bb95%\u00a0\u00bb global_colors_info=\u00a0\u00bb{}\u00a0\u00bb][\/et_pb_image][et_pb_button button_url=\u00a0\u00bbmailto:contact@bigday.fr\u00a0\u00bb button_text=\u00a0\u00bbPostuler\u00a0\u00bb button_alignment=\u00a0\u00bbcenter\u00a0\u00bb _builder_version=\u00a0\u00bb4.23.3&Prime; _module_preset=\u00a0\u00bbdefault\u00a0\u00bb global_colors_info=\u00a0\u00bb{}\u00a0\u00bb][\/et_pb_button][\/et_pb_column][et_pb_column type=\u00a0\u00bb1_2&Prime; _builder_version=\u00a0\u00bb4.23.3&Prime; _module_preset=\u00a0\u00bbdefault\u00a0\u00bb global_colors_info=\u00a0\u00bb{}\u00a0\u00bb][et_pb_image src=\u00a0\u00bbhttp:\/\/www.bigday.fr\/wp-content\/uploads\/2022\/04\/Rachelforaudreyparis_58_of_68.jpg\u00a0\u00bb title_text=\u00a0\u00bbProvence Retreat\u00a0\u00bb align_tablet=\u00a0\u00bbcenter\u00a0\u00bb align_phone=\u00a0\u00bbcenter\u00a0\u00bb align_last_edited=\u00a0\u00bbon|desktop\u00a0\u00bb _builder_version=\u00a0\u00bb4.23.3&Prime; global_colors_info=\u00a0\u00bb{}\u00a0\u00bb][\/et_pb_image][et_pb_cta title=\u00a0\u00bbREJOINRE L&rsquo;EQUIPE\u00a0\u00bb button_text=\u00a0\u00bbEmail\u00a0\u00bb _builder_version=\u00a0\u00bb4.23.3&Prime; _module_preset=\u00a0\u00bbdefault\u00a0\u00bb background_color=\u00a0\u00bb#d9e2cc\u00a0\u00bb background_image=\u00a0\u00bbhttp:\/\/www.bigday.fr\/wp-content\/uploads\/2025\/01\/Bastide-gordes-floral-designer-provence-best-florist-event-wedding-designer2.jpg\u00a0\u00bb global_colors_info=\u00a0\u00bb{}\u00a0\u00bb]<\/p>\n<p style=\"text-align: center;\">CV, exp\u00e9riences, r\u00e9f\u00e9rences &amp; motivations \u00e0 contact@bigday.fr<\/p>\n<p>[\/et_pb_cta][\/et_pb_column][\/et_pb_row][\/et_pb_section]<\/p>\n","protected":false},"excerpt":{"rendered":"<p>JOIN THE TEAM in Provence, FranceCV, exp\u00e9riences, r\u00e9f\u00e9rences &amp; motivations \u00e0 contact@bigday.fr<\/p>\n","protected":false},"author":1,"featured_media":0,"parent":0,"menu_order":0,"comment_status":"closed","ping_status":"closed","template":"","meta":{"_et_pb_use_builder":"on","_et_pb_old_content":"<!-- wp:image {\"align\":\"center\",\"id\":8018,\"sizeSlug\":\"large\",\"linkDestination\":\"none\",\"className\":\"is-style-default\"} -->\r\n<div class=\"wp-block-image is-style-default\"><figure class=\"aligncenter size-large\"><img src=\"http:\/\/www.bigday.fr\/wp-content\/uploads\/2021\/05\/Rachelforaudreyparis_58_of_68-684x1024.jpg\" alt=\"\" class=\"wp-image-8018\"\/><figcaption>(c) Le Secret d'Audrey<\/figcaption><\/figure><\/div>\r\n<!-- \/wp:image -->\r\n\r\n<!-- wp:paragraph -->\r\n<p><\/p>\r\n<!-- \/wp:paragraph -->\r\n\r\n<!-- wp:heading {\"textAlign\":\"left\",\"level\":3} -->\r\n<h3 class=\"has-text-align-left\">Nous rejoindre<\/h3>\r\n<!-- \/wp:heading -->\r\n\r\n<!-- wp:paragraph -->\r\n<p>Vous \u00eates fleuriste, designer, freelance et vous souhaitez nous rejoindre le temps d'une mission ou d'une saison ?<\/p>\r\n<!-- \/wp:paragraph -->\r\n\r\n<!-- wp:paragraph -->\r\n<p>Envoyez-nous votre CV, motivations et photos de vos r\u00e9alisations \u00e0 contact@bigday.fr <\/p>\r\n<!-- \/wp:paragraph -->","_et_gb_content_width":"","_monsterinsights_skip_tracking":false,"_monsterinsights_sitenote_active":false,"_monsterinsights_sitenote_note":"","_monsterinsights_sitenote_category":0,"footnotes":""},"_links":{"self":[{"href":"https:\/\/www.bigday.fr\/index.php\/wp-json\/wp\/v2\/pages\/8015"}],"collection":[{"href":"https:\/\/www.bigday.fr\/index.php\/wp-json\/wp\/v2\/pages"}],"about":[{"href":"https:\/\/www.bigday.fr\/index.php\/wp-json\/wp\/v2\/types\/page"}],"author":[{"embeddable":true,"href":"https:\/\/www.bigday.fr\/index.php\/wp-json\/wp\/v2\/users\/1"}],"replies":[{"embeddable":true,"href":"https:\/\/www.bigday.fr\/index.php\/wp-json\/wp\/v2\/comments?post=8015"}],"version-history":[{"count":138,"href":"https:\/\/www.bigday.fr\/index.php\/wp-json\/wp\/v2\/pages\/8015\/revisions"}],"predecessor-version":[{"id":391902,"href":"https:\/\/www.bigday.fr\/index.php\/wp-json\/wp\/v2\/pages\/8015\/revisions\/391902"}],"wp:attachment":[{"href":"https:\/\/www.bigday.fr\/index.php\/wp-json\/wp\/v2\/media?parent=8015"}],"curies":[{"name":"wp","href":"https:\/\/api.w.org\/{rel}","templated":true}]}}

<p>[et_pb_section fb_built= »1&Prime; admin_label= »section » _builder_version= »4.23.3&Prime; background_image= »http://www.bigday.fr/wp-content/uploads/2024/05/bigdaydesign-floral-designer-provence-france-design-studio-mariages-wedding.jpg » global_colors_info= »{} »][et_pb_row _builder_version= »4.23.3&Prime; _module_preset= »default » global_colors_info= »{} »][et_pb_column type= »4_4&Prime; _builder_version= »4.23.3&Prime; _module_preset= »default » global_colors_info= »{} »][et_pb_text _builder_version= »4.23.3&Prime; _module_preset= »default » text_font= »|||||||| » text_text_color= »#FFFFFF » text_font_size= »18px » header_text_align= »center » header_text_color= »#FFFFFF » header_font_size= »41px » header_2_text_align= »center » header_2_font_size= »70px » header_3_text_align= »center » header_3_font_size= »26px » text_orientation= »center » header_font_size_tablet= »40px » header_font_size_phone= »36px » header_font_size_last_edited= »on|phone » global_colors_info= »{} »]</p>
<h1>JOIN THE TEAM</h1>
<p><em>in Provence, France</em></p>
<p>[/et_pb_text][/et_pb_column][/et_pb_row][/et_pb_section][et_pb_section fb_built= »1&Prime; _builder_version= »4.16&Prime; global_colors_info= »{} »][et_pb_row column_structure= »1_2,1_2&Prime; _builder_version= »4.23.3&Prime; custom_margin= »0px||||false|false » hover_enabled= »0&Prime; global_colors_info= »{} » sticky_enabled= »0&Prime;][et_pb_column type= »1_2&Prime; _builder_version= »4.16&Prime; custom_padding= »||| » global_colors_info= »{} » custom_padding__hover= »||| »][et_pb_image src= »http://www.bigday.fr/wp-content/uploads/2025/01/bigdaydesign-studio-floral-wedding-event-designer-florist-provence-decorateur-floral-luxury-weddings-provence-chateau-estoublon11.mov » title_text= »bigdaydesign-studio-floral-wedding-event-designer-florist-provence-decorateur-floral-luxury-weddings-provence-chateau-estoublon11&Prime; align_tablet= »center » align_phone= »center » align_last_edited= »on|desktop » _builder_version= »4.23.3&Prime; max_width= »95% » global_colors_info= »{} »][/et_pb_image][et_pb_button button_url= »mailto:contact@bigday.fr » button_text= »Postuler » button_alignment= »center » _builder_version= »4.23.3&Prime; _module_preset= »default » global_colors_info= »{} »][/et_pb_button][/et_pb_column][et_pb_column type= »1_2&Prime; _builder_version= »4.23.3&Prime; _module_preset= »default » global_colors_info= »{} »][et_pb_image src= »http://www.bigday.fr/wp-content/uploads/2022/04/Rachelforaudreyparis_58_of_68.jpg » title_text= »Provence Retreat » align_tablet= »center » align_phone= »center » align_last_edited= »on|desktop » _builder_version= »4.23.3&Prime; global_colors_info= »{} »][/et_pb_image][et_pb_cta title= »REJOINRE L&rsquo;EQUIPE » button_text= »Email » _builder_version= »4.23.3&Prime; _module_preset= »default » background_color= »#d9e2cc » background_image= »http://www.bigday.fr/wp-content/uploads/2025/01/Bastide-gordes-floral-designer-provence-best-florist-event-wedding-designer2.jpg » global_colors_info= »{} »]</p>
<p style="text-align: center;">CV, expériences, références &amp; motivations à contact@bigday.fr</p>
<p>[/et_pb_cta][/et_pb_column][/et_pb_row][/et_pb_section]</p>

<p>JOIN THE TEAM in Provence, FranceCV, expériences, références &amp; motivations à contact@bigday.fr</p>

<!-- wp:image {"align":"center","id":8018,"sizeSlug":"large","linkDestination":"none","className":"is-style-default"} -->
<div class="wp-block-image is-style-default"><figure class="aligncenter size-large"><img src="http://www.bigday.fr/wp-content/uploads/2021/05/Rachelforaudreyparis_58_of_68-684x1024.jpg" alt="" class="wp-image-8018"/><figcaption>(c) Le Secret d'Audrey</figcaption></figure></div>
<!-- /wp:image -->

<!-- wp:paragraph -->
<p></p>
<!-- /wp:paragraph -->

<!-- wp:heading {"textAlign":"left","level":3} -->
<h3 class="has-text-align-left">Nous rejoindre</h3>
<!-- /wp:heading -->

<!-- wp:paragraph -->
<p>Vous êtes fleuriste, designer, freelance et vous souhaitez nous rejoindre le temps d'une mission ou d'une saison ?</p>
<!-- /wp:paragraph -->

<!-- wp:paragraph -->
<p>Envoyez-nous votre CV, motivations et photos de vos réalisations à contact@bigday.fr </p>
<!-- /wp:paragraph -->
